Is w prime?
True
Let i = 40799 - 20162. Let f = i + -8066. Is f prime?
False
Suppose -2*f - 4*j + 22607 = -9879, 4*f - 3*j = 65038. Is f prime?
False
Let p(f) = 12 - 9 + 14 - 316*f + 315*f. Let g be p(16). Is ((-61782)/14 + 0/g)/(-1) prime?
False
Let m = 821568 + 825295. Is m a composite number?
True
Suppose 0 = -2*c + m + 6598, 2298 = -c + m + 5598. Let y be 145*(1 + -4)*-15. Let w = y - c. Is w a composite number?
True
Let g(a) = 10*a**2 + 54*a - 85. Let c(x) = 2*x**2 + 10*x - 17. Let p(b) = 11*c(b) - 2*g(b). Is p(-22) composite?
False
Suppose j - 200633 = -v, -14881 = 4*j - 5*v - 817467. Is j a prime number?
True
Is -1 + (8 - (-3)/((-15)/(-52010))) prime?
False
Let w(o) be the second derivative of 31*o**4/4 - 7*o**3/6 + 43*o**2/2 + o - 24. Is w(5) a composite number?
False
Is 30/120 + 46/8 - -14363 a prime number?
True
Let l(o) = -49*o**3 + 6*o**2 + 24*o - 94. Let x be l(5). Let h = -3928 - x. Is h composite?
True
Let f be 6/9*219/(-2). Let b = f + 75. Suppose -1547 = -b*k + 627. Is k a composite number?
False
Suppose 0 = -2*n - 19*a + 17*a + 132286, -2*a = 3*n - 198431. Is n composite?
True
Let h be 110/715 - -72253*(-2)/(-13). Suppose -26*t = -h - 1546. Is t prime?
True
Let y(l) = -3*l**2 - 2*l + 405. Let z(q) = -4*q**2 - 2*q + 403. Let s(k) = 5*y(k) - 4*z(k). Suppose -2*r = -7*r. Is s(r) prime?
False
Is 126/210 + 639156/15 a prime number?
True
Let v = -44 - -16. Let m = v + 27. Is 340 + -1*(-4 + 3)*m composite?
True
Let i = 63987 + -43512. Suppose 8187 = 2*d - 3*z, 5*d - i = 4*z + z. Suppose -16*l + 10*l = -d. Is l a composite number?
False
Suppose -310*d + 19024752 = -262*d. Is d composite?
False
Let w be (-1)/6 - (-19)/6. Let j be 746*-1*w/(-6). Let g = -114 + j. Is g a prime number?
False
Suppose 5*k = 3*h - 2641, -4*h + k + 3*k = -3508. Let j = h - 453. Is j a composite number?
False
Let v be ((-10)/6 + -1)*12/(-8). Suppose v*f + 704 = -1828. Is (-1)/(-3 + (-1896)/f) a prime number?
True
Let h = 37550 - -21396. Is h composite?
True
Let j(h) = 71*h**2 - 218*h - 7009. Is j(-44) composite?
True
Suppose 5*u = 2*o + 43447, 9*o - 4*u = 6*o - 65188. Let n = -15245 - o. Is n prime?
True
Suppose -2*s + 7 = 3*g, -2*s - 5*g + 8 = -1. Suppose 4 = 2*z - s. Suppose -z*n + 625 = 7. Is n a composite number?
True
Suppose -34*v = -39*v - 5*a + 25, -25 = 5*v - 5*a. Suppose 6*o = 5*o + 2. Suppose v = -5*p - 5*l + 640, 3*p = -0*p + o*l + 399. Is p composite?
False
Let o be (20/15)/(6/9). Let v be (o - (-4 + (-3)/(-1))) + 271. Suppose -l = -57 - v. Is l a composite number?
False
Let t be (-20)/6*(2 + 56/(-16)). Suppose -d = c - 3035, t*c + d = 6*d + 15135. Is c composite?
True
Let b(g) = -4*g - 10 - g**2 - 15*g + 10*g. Let h be b(-7). Suppose 0 = -5*v - 2*w - 2*w + 6045, -3*w = h*v - 4837. Is v a composite number?
False
Let q(u) = -u - 9. Let p be q(-21). Suppose g = 3*n + 47999, 0 = 5*g - 15*n + p*n - 239995. Is g a composite number?
True
Let l(t) = 284*t**2 + 18*t + 611. Is l(33) composite?
False
Suppose -u + 22 = 24. Let z be (-3)/2*u/(-3). Is (-2)/z - -41 - 0 composite?
False
Suppose 1544604 = 177*h - 165*h. Is h a prime number?
True
Let g = 63 - 58. Suppose 6 + 14 = g*n. Suppose b - 3*f = 5*b - 3896, -3*b + n*f = -2947. Is b composite?
False
Suppose 5*b - 664566 - 327664 = 3*r, -2*b + 396888 = -2*r. Is b composite?
True
Suppose -313*m + 297*m = -710387 + 291939. Is m composite?
False
Let m(c) = 9*c**2 + 8*c + 3. Let n be m(9). Let d = 2460 - n. Suppose 5*z - d = -1. Is z prime?
True
Suppose -5*y = -3*i + 2441 + 10008, -5*i - 10 = 0. Let t = y + 4464. Is t a composite number?
False
Let c = -247783 + 366354. Is c a composite number?
False
Let d be ((-170696)/6)/4 - 3/(-9). Let s = d + 12111. Is s a composite number?
False
Suppose 7*l = -23*l + 359760. Suppose 0*b - 2*a = -4*b + l, 8 = 4*a. Is b prime?
True
Suppose 0 = 5*c - 9335 + 1810. Is (2 - 0/3) + c composite?
True
Suppose 0 = -0*t + 3*t - 4086. Suppose 5*g - 18449 = -14*g. Let q = t - g. Is q prime?
False
Let c = -1413 - 595. Let x = -32 - -22. Is (c/x)/((-8)/(-20) - 0) a composite number?
True
Let y = -34563 + 34709. Is y a composite number?
True
Let q(x) = -44777*x + 8121. Is q(-10) a prime number?
False
Let a be -152*((-15)/10)/3. Let m(o) = 37 + 34 - a*o + 217*o - 25. Is m(15) composite?
False
Suppose -5*q + 6827251 = -3*d, -4*q + 0*q + 5461828 = -16*d. Is q a prime number?
True
Is (1*63/6 + -9)/((-2)/(-106676)) a composite number?
True
Let q(v) = v**2 + 6*v - 35. Let o be q(-10). Suppose o*k + 6750 = 110155. Is k a prime number?
True
Suppose 17*b - 34*b = 49*b - 6239706. Is b a composite number?
False
Let y = 301462 + -143373. Is y prime?
False
Let w be 4/(-8)*80/(-8). Let u = -1039 - -1468. Suppose -z + 257 = 3*f, -w*f - z + u = -0*f. Is f a prime number?
False
Let n = 447 + -171. Suppose 3*f = 2*f - n. Let m = 409 + f. Is m a composite number?
True
Suppose 5*c - 474961 = -17*h + 16*h, -3*h - 284991 = -3*c. Is c a composite number?
False
Suppose 11*r + 3*m + 8 = 13*r, 16 = 4*r + 3*m. Suppose -4*q + 3269 = -r*w - 3351, -8293 = -5*q - 4*w. Is q composite?
False
Suppose -4*p = -3*j + 59812, 2*j - p - 39878 = p. Let f = -9205 + j. Is f a prime number?
True
Let d(f) = 173845*f + 192. Is d(1) a prime number?
False
Let w be (-1 + 5 - 3) + -123. Let m be (20/(-15))/(8/(-14))*177. Let x = w + m. Is x prime?
False
Let q(w) = 5*w + 20 + 17 + w**3 + 2*w**2 + 8*w**3. Is q(9) a composite number?
True
Let u(z) = z**2 - 11*z + 31. Let a be u(4). Suppose -14*c - a*d = -15*c + 1195, 4 = -2*d. Is c prime?
False
Suppose 181*p = 174*p + 313873. Is p a composite number?
False
Is -1 + -3 - 43816045/(-910) - 14/(-4) composite?
True
Let i be (18 + -13)*(-132)/(-15). Suppose 26781 = -i*d + 122833. Is d composite?
True
Let n be (-524)/(-6) - 6/(-9). Let c = n - 85. Suppose -c*f = 4*x - 770, 398 - 1672 = -5*f - 2*x. Is f composite?
True
Suppose -6 + 21 = 3*v. Suppose v*w - 7072 = 2*p + 1397, -3*w = 4*p - 5071. Is w a prime number?
True
Suppose -3*c + 2*l - 11 = -3*l, 2*c + 9 = 5*l. Let n be c/7 - 54/(-42). Is 0 - -183 - (-4)/n composite?
True
Let a = 13 - 24. Let m = a + 10. Is 2/(-2) - -294 - (m - 1) composite?
True
Let y = -3200 - -6027. Suppose 0 = -2*v + y + 13497. Suppose d - k + 5446 = 3*d, 3*d - 2*k = v. Is d composite?
True
Let j = -1976354 + 3356987. Is j a prime number?
False
Suppose 0 = -5*a + 9*z - 6*z + 75, -10 = -2*z. Suppose -61420 = a*j - 38*j. Is j prime?
False
Suppose 3*k + 6*g - 7*g - 9 = 0, -4*k - 2*g + 22 = 0. Suppose 4*z + 28382 = -2*o + k*o, -z = -4*o + 56757. Is o prime?
False
Let w = -638 + 64903. Is w a prime number?
False
Let k = -24 + 34. Suppose -4*h - 3*y - 1 = 0, 660*h + 18 = 663*h - 4*y. Is (-5435)/k*h/(-1) a prime number?
True
Suppose -10*o - 3*f = -7*o - 114024, 0 = -2*o + 4*f + 76028. Let l = o + -14405. Is l a prime number?
False
Let a be (1/2)/((-22)/(-132)). Suppose 1 = a*b - 5, v - 289 = 3*b. Is -3 + v + 2 + -1 a prime number?
True
Let m be (6*-2)/(14/(-35)). Suppose -6*y + 18 = -m. Is y*105 + (1 - (-3 + 5)) a composite number?
False
Let o(t) = -89*t - 119. Suppose 39*a + 502 - 112 = 0. Is o(a) prime?
False
Let d(a) = -a**3 + 6*a**2 - 4*a - 1. Let p be d(5). Suppose k = -p*n + 27 - 0, -4*k = n - 18. Is n/45 - (-126172)/60 a composite number?
True
Suppose 4*k + 1669 + 479 = 0. Let c = k - -928. Is c prime?
False
Let a(b) be the first derivative of 88*b**3 + b**2/2 - 2*b - 25. Let t be a(3). Suppose -t - 835 = -4*r. Is r a composite number?
True
Suppose -2*r + 71592 = 4*j, -2*j + j - 4*r + 17891 = 0. Suppose -n + j = 2*l - 1072, 4*n + 5*l = 75875. Is n a composite number?
True
Let g = 499 - 563. Is ((-4)/g*4)/((-1)/(-32212)) composite?
False
Let c = 9160 - 2424. Suppose -c = -4*p - 2*v - v, 0 = -4*p + 3*v + 6712. Suppose 4*j + 9*b - p = 4*b, b - 1677 = -4*j. Is j composite?
False
Let s be -6 + 95 + (-5)/(-1 - -2). Is ((-897870)/s - 15/(-35))*-2 a prime number?
True
Let u(y) = y**2 + y + 4. Let z(h) = 5903*h**2 + 14*h + 22. Let b(l) = -3*u(l) + z(l). Is b(-1) a composite number?
True
Suppose 5*a - 11 = 24. Let p(y) = 106*y - 35. Is p(a) a prime number?
False
Suppose -h - 4*h = 5*o, -20 = 5*h. Suppose -5*y - c - 3*c + 1425 = 0, 1465 = 5*y - o*c. Is y composite?
True
Let b(z) = z**3 - 8*z**2 + 12*z - 2. Let f be b(11). Is 2/(-9) + f/153 - -7832 a prime number?
False
Let b(m) = -3*